{"id":14190,"date":"2023-11-07T10:45:55","date_gmt":"2023-11-07T09:45:55","guid":{"rendered":"http:\/\/www.hessen-stottern.de\/?page_id=14190"},"modified":"2023-11-07T10:48:09","modified_gmt":"2023-11-07T09:48:09","slug":"bilder-impressionen","status":"publish","type":"page","link":"https:\/\/www.hessen-stottern.de\/?page_id=14190","title":{"rendered":"\u00dcber uns"},"content":{"rendered":"<div class=\"twoclick_social_bookmarks_post_14190 social_share_privacy clearfix 1.6.4 locale-de_DE sprite-de_DE\"><\/div><div class=\"twoclick-js\"><script type=\"text\/javascript\">\/* <![CDATA[ *\/\njQuery(document).ready(function($){if($('.twoclick_social_bookmarks_post_14190')){$('.twoclick_social_bookmarks_post_14190').socialSharePrivacy({\"services\":{\"facebook\":{\"status\":\"on\",\"txt_info\":\"2 Klicks f\\u00fcr mehr Datenschutz: Erst wenn Sie hier klicken, wird der Button aktiv und Sie k\\u00f6nnen Ihre Empfehlung an Facebook senden. Schon beim Aktivieren werden Daten an Dritte \\u00fcbertragen - siehe <em>i<\\\/em>.\",\"perma_option\":\"off\",\"action\":\"like\",\"language\":\"de_DE\"},\"twitter\":{\"reply_to\":\"\",\"tweet_text\":\"%C3%9Cber%20uns%20%C2%BB%20Hessen-Stottern.de\",\"status\":\"on\",\"txt_info\":\"2 Klicks f\\u00fcr mehr Datenschutz: Erst wenn Sie hier klicken, wird der Button aktiv und Sie k\\u00f6nnen Ihre Empfehlung an Twitter senden. Schon beim Aktivieren werden Daten an Dritte \\u00fcbertragen - siehe <em>i<\\\/em>.\",\"perma_option\":\"off\",\"language\":\"de\",\"referrer_track\":\"\"}},\"txt_help\":\"Wenn Sie diese Felder durch einen Klick aktivieren, werden Informationen an Facebook, Twitter, Flattr, Xing, t3n, LinkedIn, Pinterest oder Google eventuell ins Ausland \\u00fcbertragen und unter Umst\\u00e4nden auch dort gespeichert. N\\u00e4heres erfahren Sie durch einen Klick auf das <em>i<\\\/em>.\",\"settings_perma\":\"Dauerhaft aktivieren und Daten\\u00fcber-tragung zustimmen:\",\"info_link\":\"http:\\\/\\\/www.heise.de\\\/ct\\\/artikel\\\/2-Klicks-fuer-mehr-Datenschutz-1333879.html\",\"uri\":\"https:\\\/\\\/www.hessen-stottern.de\\\/?page_id=14190\",\"post_id\":14190,\"post_title_referrer_track\":\"%C3%9Cber+uns\",\"display_infobox\":\"on\"});}});\n\/* ]]> *\/<\/script><\/div><div id=\"c65\" class=\"csc-default\">\n<p>Die Stotterer Selbsthilfegruppe Gie\u00dfen ist eine von derzeit sechs Selbsthilfegruppen des Landesverbandes Hessen der Stotterer Selbsthilfe e.V. Seit der Gr\u00fcndung der Gie\u00dfener Selbsthilfegruppe im September 1978, die durch Ingrid V\u00f6lker und Rainer Paul angeregt und aufgebaut wurde, trifft sich die Gruppe seither regelm\u00e4\u00dfig zu ihren Gruppenabenden Innerhalb der Gruppenabende k\u00f6nnen Stotternde ihre bereits erlernten Sprechtechniken festigen, sich \u00fcber das Thema mit anderen austauschen und neue Erfahrungen sammeln, ohne eine negative R\u00fcckmeldung von au\u00dfen zu erhalten. Neben verschiedenen Aktivit\u00e4ten der \u00d6ffentlichkeitsarbeit, In-Vivo-Training sowie dem Besuch der umliegenden Logop\u00e4denschulen finden regelm\u00e4\u00dfig verschiedene Sprechspiele, Rollenspiele und Workshops statt. Ganz Mutige bringen sich selbst in der Gestaltung der Gruppenabende mit ein Betroffene selbst sowie deren Eltern, Freunde, Fachleute und alle Menschen, die gerne etwas \u00fcber das Stottern wissen m\u00f6chten, sind herzlich zu unseren Gruppenabenden eingeladen.<\/p>\n<\/div>\n","protected":false},"excerpt":{"rendered":"<p>Die Stotterer Selbsthilfegruppe Gie\u00dfen ist eine von derzeit sechs Selbsthilfegruppen des Landesverbandes Hessen der Stotterer Selbsthilfe e.V. Seit der Gr\u00fcndung der Gie\u00dfener Selbsthilfegruppe im September 1978, die durch Ingrid V\u00f6lker und Rainer Paul angeregt und aufgebaut wurde, trifft sich die &hellip; <a href=\"https:\/\/www.hessen-stottern.de\/?page_id=14190\">Weiterlesen <span class=\"meta-nav\">&rarr;<\/span><\/a><\/p>\n","protected":false},"author":6,"featured_media":0,"parent":72,"menu_order":2,"comment_status":"closed","ping_status":"closed","template":"","meta":{"_price":"","_stock":"","_tribe_ticket_header":"","_tribe_default_ticket_provider":"","_tribe_ticket_capacity":"0","_ticket_start_date":"","_ticket_end_date":"","_tribe_ticket_show_description":"","_tribe_ticket_show_not_going":false,"_tribe_ticket_use_global_stock":"","_tribe_ticket_global_stock_level":"","_global_stock_mode":"","_global_stock_cap":"","_tribe_rsvp_for_event":"","_tribe_ticket_going_count":"","_tribe_ticket_not_going_count":"","_tribe_tickets_list":"[]","_tribe_ticket_has_attendee_info_fields":false,"footnotes":"","_tec_slr_enabled":"","_tec_slr_layout":"","_links_to":"","_links_to_target":""},"class_list":["post-14190","page","type-page","status-publish","hentry"],"aioseo_notices":[],"ticketed":false,"_links":{"self":[{"href":"https:\/\/www.hessen-stottern.de\/index.php?rest_route=\/wp\/v2\/pages\/14190","targetHints":{"allow":["GET"]}}],"collection":[{"href":"https:\/\/www.hessen-stottern.de\/index.php?rest_route=\/wp\/v2\/pages"}],"about":[{"href":"https:\/\/www.hessen-stottern.de\/index.php?rest_route=\/wp\/v2\/types\/page"}],"author":[{"embeddable":true,"href":"https:\/\/www.hessen-stottern.de\/index.php?rest_route=\/wp\/v2\/users\/6"}],"replies":[{"embeddable":true,"href":"https:\/\/www.hessen-stottern.de\/index.php?rest_route=%2Fwp%2Fv2%2Fcomments&post=14190"}],"version-history":[{"count":0,"href":"https:\/\/www.hessen-stottern.de\/index.php?rest_route=\/wp\/v2\/pages\/14190\/revisions"}],"up":[{"embeddable":true,"href":"https:\/\/www.hessen-stottern.de\/index.php?rest_route=\/wp\/v2\/pages\/72"}],"wp:attachment":[{"href":"https:\/\/www.hessen-stottern.de\/index.php?rest_route=%2Fwp%2Fv2%2Fmedia&parent=14190"}],"curies":[{"name":"wp","href":"https:\/\/api.w.org\/{rel}","templated":true}]}}