{"id":23881,"date":"2026-04-11T09:50:51","date_gmt":"2026-04-11T07:50:51","guid":{"rendered":"http:\/\/www.hessen-stottern.de\/?page_id=23881"},"modified":"2026-04-11T09:51:04","modified_gmt":"2026-04-11T07:51:04","slug":"montag","status":"publish","type":"page","link":"https:\/\/www.hessen-stottern.de\/?page_id=23881","title":{"rendered":"Erreichbarkeit"},"content":{"rendered":"<div class=\"twoclick_social_bookmarks_post_23881 social_share_privacy clearfix 1.6.4 locale-de_DE sprite-de_DE\"><\/div><div class=\"twoclick-js\"><script type=\"text\/javascript\">\/* <![CDATA[ *\/\njQuery(document).ready(function($){if($('.twoclick_social_bookmarks_post_23881')){$('.twoclick_social_bookmarks_post_23881').socialSharePrivacy({\"services\":{\"facebook\":{\"status\":\"on\",\"txt_info\":\"2 Klicks f\\u00fcr mehr Datenschutz: Erst wenn Sie hier klicken, wird der Button aktiv und Sie k\\u00f6nnen Ihre Empfehlung an Facebook senden. Schon beim Aktivieren werden Daten an Dritte \\u00fcbertragen - siehe <em>i<\\\/em>.\",\"perma_option\":\"off\",\"action\":\"like\",\"language\":\"de_DE\"},\"twitter\":{\"reply_to\":\"\",\"tweet_text\":\"Erreichbarkeit%20%C2%BB%20Hessen-Stottern.de\",\"status\":\"on\",\"txt_info\":\"2 Klicks f\\u00fcr mehr Datenschutz: Erst wenn Sie hier klicken, wird der Button aktiv und Sie k\\u00f6nnen Ihre Empfehlung an Twitter senden. Schon beim Aktivieren werden Daten an Dritte \\u00fcbertragen - siehe <em>i<\\\/em>.\",\"perma_option\":\"off\",\"language\":\"de\",\"referrer_track\":\"\"}},\"txt_help\":\"Wenn Sie diese Felder durch einen Klick aktivieren, werden Informationen an Facebook, Twitter, Flattr, Xing, t3n, LinkedIn, Pinterest oder Google eventuell ins Ausland \\u00fcbertragen und unter Umst\\u00e4nden auch dort gespeichert. N\\u00e4heres erfahren Sie durch einen Klick auf das <em>i<\\\/em>.\",\"settings_perma\":\"Dauerhaft aktivieren und Daten\\u00fcber-tragung zustimmen:\",\"info_link\":\"http:\\\/\\\/www.heise.de\\\/ct\\\/artikel\\\/2-Klicks-fuer-mehr-Datenschutz-1333879.html\",\"uri\":\"https:\\\/\\\/www.hessen-stottern.de\\\/?page_id=23881\",\"post_id\":23881,\"post_title_referrer_track\":\"Erreichbarkeit\",\"display_infobox\":\"on\"});}});\n\/* ]]> *\/<\/script><\/div>\n<p>Zu foglenden Zeiten bin ich <strong>ehrenamtlich <\/strong>gut zu erreichen. W\u00e4hle den f\u00fcr Dich am besten <strong>Starttermin <\/strong>und die voraussichtlich ben\u00f6tige <strong>Dauer <\/strong>unseres Gespr\u00e4ches. Selbstverst\u00e4ndlich ist das Gespr\u00e4ch <strong>kostenlos <\/strong>da f\u00fcr mich das Stottern und der Grundsatz \u00bb<em>Hilfe zur Selbsthilfe<\/em>\u00ab im Vordergrund steht. Nat\u00fcrlich sind auch andere M\u00f6glichkeiten zur Kontaktaufnahme als das Telefon m\u00f6glich falls Du noch zu gro\u00dfe Sprechangst hast. Siehe hierzu im <a title=\"\" href=\"https:\/\/www.hessen-stottern.de\/?page_id=14\">Kontakt<\/a>.<\/p>\n\n\n\n<h2 class=\"wp-block-heading\" id=\"montag-21-02-2022\">Montag, 13.04.2026 [ <a data-type=\"page\" data-id=\"35391\" href=\"https:\/\/www.hessen-stottern.de\/?page_id=35391\">Details ansehen<\/a> ]<\/h2>\n\n\n<p>10:00 Uhr \u2500\u00a010:15 Uhr \u2500 10:30 Uhr \u2500 10:45 Uhr<\/p>\n\n\n<p>11:00 Uhr \u2500 11:15 Uhr \u2500 11:30 Uhr \u2500 11:45 Uhr <\/p>\n\n\n\n<h2 class=\"wp-block-heading\" id=\"dienstag-22-02-2022\">Dienstag, 14.04.2026 <strong>[ <a data-type=\"page\" data-id=\"13900\" href=\"https:\/\/www.hessen-stottern.de\/?page_id=13900\">Details ansehen<\/a> ]<\/strong><\/h2>\n\n\n<p>16:00 Uhr \u2500 16:15 Uhr \u2500 16:30 Uhr \u2500 16:45 Uhr<\/p>\n\n\n<p>17:00 Uhr \u2500 17:15 Uhr \u2500 17:30 Uhr \u2500 17:45 Uhr<\/p>\n\n\n\n<h2 class=\"wp-block-heading\" id=\"mittwoch-23-02-2022\">Mittwoch, 15.04.2026 [ <a data-type=\"page\" data-id=\"25678\" href=\"https:\/\/www.hessen-stottern.de\/?page_id=25678\">Details ansehen<\/a> ]<\/h2>\n\n\n\n<p>12:00 Uhr \u2500 12:15 Uhr \u2500 12:30 Uhr \u2500 12:45 Uhr<\/p>\n\n\n\n<p>13:00 Uhr \u2500 13:15 Uhr \u2500 13:30 Uhr \u2500 13:45 Uhr<\/p>\n\n\n\n<h2 class=\"wp-block-heading\" id=\"donnerstag-24-02-2022\">Donnerstag, 16.04.2026 [ <a data-type=\"page\" data-id=\"41062\" href=\"https:\/\/www.hessen-stottern.de\/?page_id=41062\">Details ansehen<\/a> ]<\/h2>\n\n\n\n<p>08:00 Uhr \u2500 08:15 Uhr \u2500 08:30 Uhr \u2500 08:45 Uhr<a rel=\"noreferrer noopener\" href=\"https:\/\/doodle.com\/poll\/f48pi3ib3nbnicb6\" target=\"_blank\"><\/a><\/p>\n\n\n\n<p>09:00 Uhr \u2500 09:15 Uhr \u2500 09:30 Uhr \u2500 09:45 Uhr<\/p>\n\n\n\n<h2 class=\"wp-block-heading\" id=\"freitag-25-02-2022\">Freitag, 17.04.2026 [ <a data-type=\"page\" data-id=\"18872\" href=\"https:\/\/www.hessen-stottern.de\/?page_id=18872\">Details ansehen<\/a> ]<\/h2>\n\n\n\n<p>14:00 Uhr \u2500 14:15 Uhr \u2500 14:30 Uhr \u2500 14:45 Uhr<\/p>\n\n\n\n<p>15:00 Uhr \u2500 15:15 Uhr \u2500 15:30 Uhr \u2500 15:45 Uhr<\/p>\n\n\n\n<p>Du erreichst mich unter der meiner Telefon: <strong>(0)6400 &#8211; 95 84 84 2<\/strong> (<a href=\"tel: 064009584842\">anrufen<\/a>)<\/p>\n\n\n\n\n\n\n","protected":false},"excerpt":{"rendered":"<p>Zu foglenden Zeiten bin ich ehrenamtlich gut zu erreichen. W\u00e4hle den f\u00fcr Dich am besten Starttermin und die voraussichtlich ben\u00f6tige Dauer unseres Gespr\u00e4ches. Selbstverst\u00e4ndlich ist das Gespr\u00e4ch kostenlos da f\u00fcr mich das Stottern und der Grundsatz \u00bbHilfe zur Selbsthilfe\u00ab im &hellip; <a href=\"https:\/\/www.hessen-stottern.de\/?page_id=23881\">Weiterlesen <span class=\"meta-nav\">&rarr;<\/span><\/a><\/p>\n","protected":false},"author":6,"featured_media":0,"parent":18870,"menu_order":2,"comment_status":"closed","ping_status":"closed","template":"","meta":{"_price":"","_stock":"","_tribe_ticket_header":"","_tribe_default_ticket_provider":"","_tribe_ticket_capacity":"0","_ticket_start_date":"","_ticket_end_date":"","_tribe_ticket_show_description":"","_tribe_ticket_show_not_going":false,"_tribe_ticket_use_global_stock":"","_tribe_ticket_global_stock_level":"","_global_stock_mode":"","_global_stock_cap":"","_tribe_rsvp_for_event":"","_tribe_ticket_going_count":"","_tribe_ticket_not_going_count":"","_tribe_tickets_list":"[]","_tribe_ticket_has_attendee_info_fields":false,"footnotes":"","_tec_slr_enabled":"","_tec_slr_layout":"","_links_to":"","_links_to_target":""},"class_list":["post-23881","page","type-page","status-publish","hentry"],"aioseo_notices":[],"ticketed":false,"_links":{"self":[{"href":"https:\/\/www.hessen-stottern.de\/index.php?rest_route=\/wp\/v2\/pages\/23881","targetHints":{"allow":["GET"]}}],"collection":[{"href":"https:\/\/www.hessen-stottern.de\/index.php?rest_route=\/wp\/v2\/pages"}],"about":[{"href":"https:\/\/www.hessen-stottern.de\/index.php?rest_route=\/wp\/v2\/types\/page"}],"author":[{"embeddable":true,"href":"https:\/\/www.hessen-stottern.de\/index.php?rest_route=\/wp\/v2\/users\/6"}],"replies":[{"embeddable":true,"href":"https:\/\/www.hessen-stottern.de\/index.php?rest_route=%2Fwp%2Fv2%2Fcomments&post=23881"}],"version-history":[{"count":350,"href":"https:\/\/www.hessen-stottern.de\/index.php?rest_route=\/wp\/v2\/pages\/23881\/revisions"}],"predecessor-version":[{"id":46581,"href":"https:\/\/www.hessen-stottern.de\/index.php?rest_route=\/wp\/v2\/pages\/23881\/revisions\/46581"}],"up":[{"embeddable":true,"href":"https:\/\/www.hessen-stottern.de\/index.php?rest_route=\/wp\/v2\/pages\/18870"}],"wp:attachment":[{"href":"https:\/\/www.hessen-stottern.de\/index.php?rest_route=%2Fwp%2Fv2%2Fmedia&parent=23881"}],"curies":[{"name":"wp","href":"https:\/\/api.w.org\/{rel}","templated":true}]}}