{"id":24281,"date":"2024-11-04T11:00:16","date_gmt":"2024-11-04T10:00:16","guid":{"rendered":"http:\/\/www.hessen-stottern.de\/?page_id=24281"},"modified":"2024-11-04T11:05:31","modified_gmt":"2024-11-04T10:05:31","slug":"tipps-fuer-nichtstotternde","status":"publish","type":"page","link":"https:\/\/www.hessen-stottern.de\/?page_id=24281","title":{"rendered":"Tipps f\u00fcr Nichtstotternde"},"content":{"rendered":"<div class=\"twoclick_social_bookmarks_post_24281 social_share_privacy clearfix 1.6.4 locale-de_DE sprite-de_DE\"><\/div><div class=\"twoclick-js\"><script type=\"text\/javascript\">\/* <![CDATA[ *\/\njQuery(document).ready(function($){if($('.twoclick_social_bookmarks_post_24281')){$('.twoclick_social_bookmarks_post_24281').socialSharePrivacy({\"services\":{\"facebook\":{\"status\":\"on\",\"txt_info\":\"2 Klicks f\\u00fcr mehr Datenschutz: Erst wenn Sie hier klicken, wird der Button aktiv und Sie k\\u00f6nnen Ihre Empfehlung an Facebook senden. Schon beim Aktivieren werden Daten an Dritte \\u00fcbertragen - siehe <em>i<\\\/em>.\",\"perma_option\":\"off\",\"action\":\"like\",\"language\":\"de_DE\"},\"twitter\":{\"reply_to\":\"\",\"tweet_text\":\"Tipps%20f%C3%BCr%20Nichtstotternde%20%C2%BB%20Hessen-Stottern.de\",\"status\":\"on\",\"txt_info\":\"2 Klicks f\\u00fcr mehr Datenschutz: Erst wenn Sie hier klicken, wird der Button aktiv und Sie k\\u00f6nnen Ihre Empfehlung an Twitter senden. Schon beim Aktivieren werden Daten an Dritte \\u00fcbertragen - siehe <em>i<\\\/em>.\",\"perma_option\":\"off\",\"language\":\"de\",\"referrer_track\":\"\"}},\"txt_help\":\"Wenn Sie diese Felder durch einen Klick aktivieren, werden Informationen an Facebook, Twitter, Flattr, Xing, t3n, LinkedIn, Pinterest oder Google eventuell ins Ausland \\u00fcbertragen und unter Umst\\u00e4nden auch dort gespeichert. N\\u00e4heres erfahren Sie durch einen Klick auf das <em>i<\\\/em>.\",\"settings_perma\":\"Dauerhaft aktivieren und Daten\\u00fcber-tragung zustimmen:\",\"info_link\":\"http:\\\/\\\/www.heise.de\\\/ct\\\/artikel\\\/2-Klicks-fuer-mehr-Datenschutz-1333879.html\",\"uri\":\"https:\\\/\\\/www.hessen-stottern.de\\\/?page_id=24281\",\"post_id\":24281,\"post_title_referrer_track\":\"Tipps+f%C3%BCr+Nichtstotternde\",\"display_infobox\":\"on\"});}});\n\/* ]]> *\/<\/script><\/div>\n<p>Die allgemeine Verunsicherung ist gleicherma\u00dfen gro\u00df wenn sowohl Nichtstotternde Menschen auf Stotternde Menschen treffen als auch andersherum.<\/p>\n\n\n\n<h2 class=\"wp-block-heading\">Hier die 7 ultimativen Tipps f\u00fcr Nichtstotternde Menschen<br><\/h2>\n\n\n\n<h4 class=\"wp-block-heading\"><strong>1.) Verzichten Sie auf gutgemeinte Ratschl\u00e4ge. <\/strong><\/h4>\n\n\n\n<p>Oftmals meinen es Gespr\u00e4chspartner von stotternden Menschen nur gut. Allerdings helfen gutgemeinte Ratschl\u00e4ge wie: \u00bbHol doch erst mal tief Luft\u00ab oder \u00bbdenk erst nach bevor du sprichst\u00ab \u00fcberhaupt nicht im Gegenteil sie sind oft kontraproduktiv und verunsichern die Betroffenen eher als das sie ihnen helfen.<br><\/p>\n\n\n\n<h4 class=\"wp-block-heading\"><strong>2.) Warten Sie bis der Stotternde seinen Satz selbstst\u00e4ndig vollendet hat<\/strong><\/h4>\n\n\n\n<p>Es nicht nur nur unh\u00f6fflich sondern entm\u00fcndigt Betroffene wenn andere ihren Satz vollenden. z.b. <em>\u00bbIch h\u00e4-h\u00e4-h\u00e4-h\u00e4tte gerne einen &#8230;\u00ab<\/em> der Gespr\u00e4chspartner vollendet den Satz mit <strong>Kaffee <\/strong>obwohl er viel lieber <strong>Tee <\/strong>getrunken h\u00e4tte.<br><\/p>\n\n\n\n<h4 class=\"wp-block-heading\"><strong>3.) Bewahren Sie den nat\u00fcrlichen Blickkontakt<\/strong><\/h4>\n\n\n\n<p>Verhalten sie sich gegen\u00fcber stotternden Menschen ganz nat\u00fcrlich und bewahren sie den nat\u00fcrlichen Blickkontakt. Bei anderen Gespr\u00e4chspartner schweift der Blick gelegentlich auch mal ab und wieder zur\u00fcck.<\/p>\n\n\n\n<h4 class=\"wp-block-heading\"><strong>4.) Fragen sie ruhig nach wenn sie etwas nicht richtig verstanden haben<\/strong><\/h4>\n\n\n\n<p>Je nach St\u00e4rke der Symptome kommt es schon einmal vor das Stotternde inhaltich nicht richtig von ihrem Gespr\u00e4chspartner verstanden werden. Dies ist \u00fcberhaupt nicht schlimm. Auch wenn es etwas \u00dcberwindung kostet aber sagen sie ruhig: Ich habe deinen Satz inhaltlich leider nicht richtig verstanden. Schlimmer ist es f\u00fcr alle <em>Beteiligten<\/em>  wenn sie aus falsch verstandener Scham schweigen und wohlm\u00f6glich aneinander vorbei reden oder sogar eine gute Unterhaltung unterbricht.<br><\/p>\n\n\n\n<h4 class=\"wp-block-heading\"><strong>5.) Zeigen sie einen offenen Umgang mit dem Stottern<\/strong><\/h4>\n\n\n\n<p>Je offener Sie mit dem Stottern umgehen desto leichter f\u00e4llt es vom Stottern Betroffene Personen.<\/p>\n\n\n\n<h4 class=\"wp-block-heading\"><strong>6.) Lachen sie nicht \u00fcber sondern mit stotternden Menschen<\/strong><\/h4>\n\n\n\n<p>Humor sollte nicht spalten sondern alle erheitern. Und gemeinsam lachen macht auch viel mehr Freude als wenn nur eine Person lacht und der anderen Person die Tr\u00e4nen flie\u00dfen.<\/p>\n\n\n\n<h4 class=\"wp-block-heading\"><strong>7.) Zeigen sie Zivilcourage<\/strong><\/h4>\n\n\n\n<p>Zeigen sie Zivilcourage wenn ein Stotternder nonverbal, verbal oder k\u00f6rperlich angegriffen wird. Auch Sie k\u00f6nnten eines Tages selbst zum Opfer werden ! Weiter lesen unter \u00bb<a title=\"Mobbing und Stottern\" href=\"https:\/\/www.hessen-stottern.de\/?page_id=39962\">Mobbing und Stottern<\/a>\u00ab<\/p>\n\n\n\n<h3 class=\"wp-block-heading\">Das schlimmste am Stottern ist die Angst davor !<\/h3>\n","protected":false},"excerpt":{"rendered":"<p>Die allgemeine Verunsicherung ist gleicherma\u00dfen gro\u00df wenn sowohl Nichtstotternde Menschen auf Stotternde Menschen treffen als auch andersherum. Hier die 7 ultimativen Tipps f\u00fcr Nichtstotternde Menschen 1.) Verzichten Sie auf gutgemeinte Ratschl\u00e4ge. Oftmals meinen es Gespr\u00e4chspartner von stotternden Menschen nur gut. &hellip; <a href=\"https:\/\/www.hessen-stottern.de\/?page_id=24281\">Weiterlesen <span class=\"meta-nav\">&rarr;<\/span><\/a><\/p>\n","protected":false},"author":6,"featured_media":0,"parent":13574,"menu_order":4,"comment_status":"closed","ping_status":"closed","template":"","meta":{"_price":"","_stock":"","_tribe_ticket_header":"","_tribe_default_ticket_provider":"","_tribe_ticket_capacity":"0","_ticket_start_date":"","_ticket_end_date":"","_tribe_ticket_show_description":"","_tribe_ticket_show_not_going":false,"_tribe_ticket_use_global_stock":"","_tribe_ticket_global_stock_level":"","_global_stock_mode":"","_global_stock_cap":"","_tribe_rsvp_for_event":"","_tribe_ticket_going_count":"","_tribe_ticket_not_going_count":"","_tribe_tickets_list":"[]","_tribe_ticket_has_attendee_info_fields":false,"footnotes":"","_tec_slr_enabled":"","_tec_slr_layout":"","_links_to":"","_links_to_target":""},"class_list":["post-24281","page","type-page","status-publish","hentry"],"aioseo_notices":[],"ticketed":false,"_links":{"self":[{"href":"https:\/\/www.hessen-stottern.de\/index.php?rest_route=\/wp\/v2\/pages\/24281","targetHints":{"allow":["GET"]}}],"collection":[{"href":"https:\/\/www.hessen-stottern.de\/index.php?rest_route=\/wp\/v2\/pages"}],"about":[{"href":"https:\/\/www.hessen-stottern.de\/index.php?rest_route=\/wp\/v2\/types\/page"}],"author":[{"embeddable":true,"href":"https:\/\/www.hessen-stottern.de\/index.php?rest_route=\/wp\/v2\/users\/6"}],"replies":[{"embeddable":true,"href":"https:\/\/www.hessen-stottern.de\/index.php?rest_route=%2Fwp%2Fv2%2Fcomments&post=24281"}],"version-history":[{"count":2,"href":"https:\/\/www.hessen-stottern.de\/index.php?rest_route=\/wp\/v2\/pages\/24281\/revisions"}],"predecessor-version":[{"id":43494,"href":"https:\/\/www.hessen-stottern.de\/index.php?rest_route=\/wp\/v2\/pages\/24281\/revisions\/43494"}],"up":[{"embeddable":true,"href":"https:\/\/www.hessen-stottern.de\/index.php?rest_route=\/wp\/v2\/pages\/13574"}],"wp:attachment":[{"href":"https:\/\/www.hessen-stottern.de\/index.php?rest_route=%2Fwp%2Fv2%2Fmedia&parent=24281"}],"curies":[{"name":"wp","href":"https:\/\/api.w.org\/{rel}","templated":true}]}}