{"id":40821,"date":"2023-09-13T16:20:16","date_gmt":"2023-09-13T14:20:16","guid":{"rendered":"https:\/\/www.hessen-stottern.de\/?page_id=40821"},"modified":"2023-09-13T16:22:36","modified_gmt":"2023-09-13T14:22:36","slug":"barrieren-und-richtlinien-prinzip-fuer-stotternde","status":"publish","type":"page","link":"https:\/\/www.hessen-stottern.de\/?page_id=40821","title":{"rendered":"Barrieren und Richtlinien-Prinzip f\u00fcr Stotternde"},"content":{"rendered":"<div class=\"twoclick_social_bookmarks_post_40821 social_share_privacy clearfix 1.6.4 locale-de_DE sprite-de_DE\"><\/div><div class=\"twoclick-js\"><script type=\"text\/javascript\">\/* <![CDATA[ *\/\njQuery(document).ready(function($){if($('.twoclick_social_bookmarks_post_40821')){$('.twoclick_social_bookmarks_post_40821').socialSharePrivacy({\"services\":{\"facebook\":{\"status\":\"on\",\"txt_info\":\"2 Klicks f\\u00fcr mehr Datenschutz: Erst wenn Sie hier klicken, wird der Button aktiv und Sie k\\u00f6nnen Ihre Empfehlung an Facebook senden. Schon beim Aktivieren werden Daten an Dritte \\u00fcbertragen - siehe <em>i<\\\/em>.\",\"perma_option\":\"off\",\"action\":\"like\",\"language\":\"de_DE\"},\"twitter\":{\"reply_to\":\"\",\"tweet_text\":\"Barrieren%20und%20Richtlinien-Prinzip%20f%C3%BCr%20Stotternde%20%C2%BB%20Hessen-Stottern.de\",\"status\":\"on\",\"txt_info\":\"2 Klicks f\\u00fcr mehr Datenschutz: Erst wenn Sie hier klicken, wird der Button aktiv und Sie k\\u00f6nnen Ihre Empfehlung an Twitter senden. Schon beim Aktivieren werden Daten an Dritte \\u00fcbertragen - siehe <em>i<\\\/em>.\",\"perma_option\":\"off\",\"language\":\"de\",\"referrer_track\":\"\"}},\"txt_help\":\"Wenn Sie diese Felder durch einen Klick aktivieren, werden Informationen an Facebook, Twitter, Flattr, Xing, t3n, LinkedIn, Pinterest oder Google eventuell ins Ausland \\u00fcbertragen und unter Umst\\u00e4nden auch dort gespeichert. N\\u00e4heres erfahren Sie durch einen Klick auf das <em>i<\\\/em>.\",\"settings_perma\":\"Dauerhaft aktivieren und Daten\\u00fcber-tragung zustimmen:\",\"info_link\":\"http:\\\/\\\/www.heise.de\\\/ct\\\/artikel\\\/2-Klicks-fuer-mehr-Datenschutz-1333879.html\",\"uri\":\"https:\\\/\\\/www.hessen-stottern.de\\\/?page_id=40821\",\"post_id\":40821,\"post_title_referrer_track\":\"Barrieren+und+Richtlinien-Prinzip+f%C3%BCr+Stotternde\",\"display_infobox\":\"on\"});}});\n\/* ]]> *\/<\/script><\/div>\n\n\n\n\n<p>Wer kennt es nicht? Du befindest dich Mitten im Leben irgendwo unterwegs und es kommst ganz pl\u00f6tzlich zu einem <em>unvorhergesehenen Hindernis (Schwierigkeit)<\/em> in der Du nur noch reagieren aber nicht mit klaren Blick in einer angemessenen Art und Weise wohl \u00fcberlegt agieren kannst um das bevorstehende Hindernis in deiner eigenen gew\u00fcnschten Zielsetzung zu l\u00f6sen um keine voreiligen oder ung\u00fcngstigen Entscheidungen treffen zu m\u00fcssen das dein Selbstbewusstsein und Durchhalteverm\u00f6gen schw\u00e4cht.<\/p>\n<p>Es geht nicht darum per se sich auf negative Danken zu fokusieren sondern darum um stets Handlungsf\u00e4hig in der Situation zu bleiben und \u00dcberforderungen zu vermeiden.<\/p>\n<p>Die Wenn-Dann Strategie setzt sich mit dem psychologischen Vorbereitung auseinander um auftretende negative Empfindungen, Ereignisse und Reaktionen souver\u00e4ner geplant meistern zu k\u00f6nnen.<\/p>\n<p>Dabei werden in einem 2-Spaltigen Dokument zun\u00e4chst alle pers\u00f6nlichen bereits erlebten und bef\u00fcrchteten Stolpersteine die einen pers\u00f6nlich hindern k\u00f6nnten oder bereits behindert haben notiert bis keine weiteren Stolpersteine mehr hinzu gef\u00fcgt werden k\u00f6nnen. Anschlie\u00dfend wird f\u00fcr jeden Stolperstein eine pers\u00f6nliche Richtlinie \/ Regel \/ Strategie entworfen wie auf diesen speziell beschriebenen Stolperstein in Zukunft besser reagiert werden k\u00f6nnte.<\/p>\n<p>Und es ist keine Schande sich vorher dar\u00fcber einmal Gedanken zu machen wie eine <span class=\"ILfuVd\" lang=\"de\"><span class=\"hgKElc\">individuell <\/span><\/span>schwierige Situation besser f\u00fcr einen stotternden Menschen zu l\u00f6sen ist. Gut vorbereitet und mit einem Plan in der Tasche wird die ein oder andere Stotterblockade viel schw\u00e4cher ablaufen als ein blitzschnelles und hektisches sprachliches agieren gerade im Kontakt Nichtstotternden Fl\u00fcssigsprechern !<\/p>\n<p>Barrieren und Richtlinien f\u00fcr Stotternde hier <a href=\"https:\/\/www.hessen-stottern.de\/wp-content\/uploads\/2023\/06\/Barrieren-und-Richtlinien.pdf\">Herunterladen<\/a><\/p>\n","protected":false},"excerpt":{"rendered":"<p>Wer kennt es nicht? Du befindest dich Mitten im Leben irgendwo unterwegs und es kommst ganz pl\u00f6tzlich zu einem unvorhergesehenen Hindernis (Schwierigkeit) in der Du nur noch reagieren aber nicht mit klaren Blick in einer angemessenen Art und Weise wohl &hellip; <a href=\"https:\/\/www.hessen-stottern.de\/?page_id=40821\">Weiterlesen <span class=\"meta-nav\">&rarr;<\/span><\/a><\/p>\n","protected":false},"author":6,"featured_media":0,"parent":13638,"menu_order":0,"comment_status":"closed","ping_status":"closed","template":"","meta":{"_price":"","_stock":"","_tribe_ticket_header":"","_tribe_default_ticket_provider":"","_tribe_ticket_capacity":"0","_ticket_start_date":"","_ticket_end_date":"","_tribe_ticket_show_description":"","_tribe_ticket_show_not_going":false,"_tribe_ticket_use_global_stock":"","_tribe_ticket_global_stock_level":"","_global_stock_mode":"","_global_stock_cap":"","_tribe_rsvp_for_event":"","_tribe_ticket_going_count":"","_tribe_ticket_not_going_count":"","_tribe_tickets_list":"[]","_tribe_ticket_has_attendee_info_fields":false,"footnotes":"","_tec_slr_enabled":"","_tec_slr_layout":"","_links_to":"","_links_to_target":""},"class_list":["post-40821","page","type-page","status-publish","hentry"],"aioseo_notices":[],"ticketed":false,"_links":{"self":[{"href":"https:\/\/www.hessen-stottern.de\/index.php?rest_route=\/wp\/v2\/pages\/40821","targetHints":{"allow":["GET"]}}],"collection":[{"href":"https:\/\/www.hessen-stottern.de\/index.php?rest_route=\/wp\/v2\/pages"}],"about":[{"href":"https:\/\/www.hessen-stottern.de\/index.php?rest_route=\/wp\/v2\/types\/page"}],"author":[{"embeddable":true,"href":"https:\/\/www.hessen-stottern.de\/index.php?rest_route=\/wp\/v2\/users\/6"}],"replies":[{"embeddable":true,"href":"https:\/\/www.hessen-stottern.de\/index.php?rest_route=%2Fwp%2Fv2%2Fcomments&post=40821"}],"version-history":[{"count":0,"href":"https:\/\/www.hessen-stottern.de\/index.php?rest_route=\/wp\/v2\/pages\/40821\/revisions"}],"up":[{"embeddable":true,"href":"https:\/\/www.hessen-stottern.de\/index.php?rest_route=\/wp\/v2\/pages\/13638"}],"wp:attachment":[{"href":"https:\/\/www.hessen-stottern.de\/index.php?rest_route=%2Fwp%2Fv2%2Fmedia&parent=40821"}],"curies":[{"name":"wp","href":"https:\/\/api.w.org\/{rel}","templated":true}]}}