{"id":43068,"date":"2024-10-24T16:15:41","date_gmt":"2024-10-24T14:15:41","guid":{"rendered":"https:\/\/www.hessen-stottern.de\/?page_id=43068"},"modified":"2024-10-24T16:27:44","modified_gmt":"2024-10-24T14:27:44","slug":"pyramide","status":"publish","type":"page","link":"https:\/\/www.hessen-stottern.de\/?page_id=43068","title":{"rendered":"Pyramide"},"content":{"rendered":"<div class=\"twoclick_social_bookmarks_post_43068 social_share_privacy clearfix 1.6.4 locale-de_DE sprite-de_DE\"><\/div><div class=\"twoclick-js\"><script type=\"text\/javascript\">\/* <![CDATA[ *\/\njQuery(document).ready(function($){if($('.twoclick_social_bookmarks_post_43068')){$('.twoclick_social_bookmarks_post_43068').socialSharePrivacy({\"services\":{\"facebook\":{\"status\":\"on\",\"txt_info\":\"2 Klicks f\\u00fcr mehr Datenschutz: Erst wenn Sie hier klicken, wird der Button aktiv und Sie k\\u00f6nnen Ihre Empfehlung an Facebook senden. Schon beim Aktivieren werden Daten an Dritte \\u00fcbertragen - siehe <em>i<\\\/em>.\",\"perma_option\":\"off\",\"action\":\"like\",\"language\":\"de_DE\"},\"twitter\":{\"reply_to\":\"\",\"tweet_text\":\"Pyramide%20%C2%BB%20Hessen-Stottern.de\",\"status\":\"on\",\"txt_info\":\"2 Klicks f\\u00fcr mehr Datenschutz: Erst wenn Sie hier klicken, wird der Button aktiv und Sie k\\u00f6nnen Ihre Empfehlung an Twitter senden. Schon beim Aktivieren werden Daten an Dritte \\u00fcbertragen - siehe <em>i<\\\/em>.\",\"perma_option\":\"off\",\"language\":\"de\",\"referrer_track\":\"\"}},\"txt_help\":\"Wenn Sie diese Felder durch einen Klick aktivieren, werden Informationen an Facebook, Twitter, Flattr, Xing, t3n, LinkedIn, Pinterest oder Google eventuell ins Ausland \\u00fcbertragen und unter Umst\\u00e4nden auch dort gespeichert. N\\u00e4heres erfahren Sie durch einen Klick auf das <em>i<\\\/em>.\",\"settings_perma\":\"Dauerhaft aktivieren und Daten\\u00fcber-tragung zustimmen:\",\"info_link\":\"http:\\\/\\\/www.heise.de\\\/ct\\\/artikel\\\/2-Klicks-fuer-mehr-Datenschutz-1333879.html\",\"uri\":\"https:\\\/\\\/www.hessen-stottern.de\\\/?page_id=43068\",\"post_id\":43068,\"post_title_referrer_track\":\"Pyramide\",\"display_infobox\":\"on\"});}});\n\/* ]]> *\/<\/script><\/div>\n<p>Die Pyramide \/ Stotterpyramide ist eine strategische Outingform um gezielt Menschen aus dem eigenen Umfeld dar\u00fcber zu informieren das man stottert. Damit soll die Angst vor Ablehnung langfristig abnehmen und gleichezeitige das eigene Selbstbewusstsein st\u00e4rken.<br \/><br \/>Dabei geht es im aller ersten Schritt darum eine weitere Person in Kentniss zu setzen. Das kann ein Familienmitglied, ein bester Freund, ein vertrauter Nachbarn, der Pfarrer, der Klassenlehrer, die Kollegin aus der Sport AG und weitere M\u00f6gliche Personen sein.<br \/><br \/>Wichtig dabei ist, das au\u00dfer dem Stotternden selbst eine weitere Person von dem Handicap stottern wei\u00df und damit souver\u00e4n und empathisch umgehen kann. In den darauf folgenden Schritten werden Personen gesucht im eigenen Lebensumfeld, wo die Vorteile des eigenen Outings n\u00fctzlich sind. Damit meine ich sich verstecken zu m\u00fcssen, nicht sprechen zu k\u00f6nnen, Verabredungen an Orten sowie im Alltag,, Familienumfeld, Freundeskreis, Lern\/- und Arbeitsumfeld sowie im sozialen Miteinander sind kein Leben sondern eine endlose Qual die nie endet und die Chance auf ein wahres, unbeschwertes und gl\u00fcckliches Leben unm\u00f6glich macht.<br \/><br \/>Im zweiten Schritt soll die bereits zu geoutete Person die Tatkr\u00e4fig zur Seite stehen und wenn notwendig das Wort ergreifen falls das geplante 2.Outing eskaliert und soll Hinter dir stehen, dir Mut machen und dich beim jetzigen zweiten Outing motivieren und begleiten.<br \/><br \/>Im bereits driten Outing werden gleich 1-3 Personen zum zuk\u00fcnftigen Outing wie oben bereits beschrieben gesucht und wenn es m\u00f6glich ist sollten dier beide bereits geoutete Personen erneut zur Seite stehen.<br \/><br \/>Im 4.Schritt in der Outingpyramide werden mindestens 5 Personen zur bevorstehendem Outing gesucht die Du nat\u00fcrloch wie gewoht gut abw\u00e4gst, planst und ggf. mit deinem aufgebauten Helferteam besprichst. Zum Beispiel wer das <em>energischen<\/em> und bestimmten Ton ergreift falls es beim Outing zu abwertenden \u00c4u\u00dferungen kommt. <br \/><br \/>\u00dcberlege dir einmal welche Vorteile es hat die eigene Familie \u00fcber dein eigenes Stottern zu informieren und welche seelische Last und Belastung von dir in Zukunft abfallen wird. Und denke dar\u00fcber nach falls Du in die Schule gehst welchen Einfluss es auf dich und auch die gesamte Schulklasse hat wenn offen das Thema Stottern behandelt und besprochen werden kann.<br \/><br \/>Ich kann dir nicht sagen das es immer reibungslos bei der gesamten Outingpyramide ablaufen wird und es auch zu unangenehmen und brezeligen Situationen f\u00fcr Dich als Stotterndern kommen wird. <\/p>\n<p>Falls Du dich einer Stotterer Selbsthilfegruppe angeschlossen hat kannst Du das Thema Ouing auch mit der Gruppe besprechen, abw\u00e4gen und diskutieren und vorher im Rollenspiel ein\u00fcben.<br \/><br \/>Der Song \u00bbI am what i am\u00ab von Gloria Gynor <a href=\"https:\/\/www.youtube.com\/watch?v=zreTvtpTeoU\" target=\"_blank\" rel=\"noopener\">&lt;&gt;<\/a> behandelt das Selbstverst\u00e4ndnis des Comingout das die Schwulenbewegung zu Recht als Hymne als Befreiungsschlag f\u00fcr ein selbstbestimmtes, offenes Leben ohne Isolation zelebriert. Die Deutsche Version \u00bbIch bin was ich bin&#8220; findest Du hier unter <a href=\"https:\/\/www.youtube.com\/watch?v=rHq3PGLCJcE\" target=\"_blank\" rel=\"noopener\">&lt;&gt;<\/a><\/p>\n\n\n","protected":false},"excerpt":{"rendered":"<p>Die Pyramide \/ Stotterpyramide ist eine strategische Outingform um gezielt Menschen aus dem eigenen Umfeld dar\u00fcber zu informieren das man stottert. Damit soll die Angst vor Ablehnung langfristig abnehmen und gleichezeitige das eigene Selbstbewusstsein st\u00e4rken. Dabei geht es im aller &hellip; <a href=\"https:\/\/www.hessen-stottern.de\/?page_id=43068\">Weiterlesen <span class=\"meta-nav\">&rarr;<\/span><\/a><\/p>\n","protected":false},"author":6,"featured_media":0,"parent":41289,"menu_order":0,"comment_status":"closed","ping_status":"closed","template":"","meta":{"_price":"","_stock":"","_tribe_ticket_header":"","_tribe_default_ticket_provider":"","_tribe_ticket_capacity":"0","_ticket_start_date":"","_ticket_end_date":"","_tribe_ticket_show_description":"","_tribe_ticket_show_not_going":false,"_tribe_ticket_use_global_stock":"","_tribe_ticket_global_stock_level":"","_global_stock_mode":"","_global_stock_cap":"","_tribe_rsvp_for_event":"","_tribe_ticket_going_count":"","_tribe_ticket_not_going_count":"","_tribe_tickets_list":"[]","_tribe_ticket_has_attendee_info_fields":false,"footnotes":"","_tec_slr_enabled":"","_tec_slr_layout":"","_links_to":"","_links_to_target":""},"class_list":["post-43068","page","type-page","status-publish","hentry"],"aioseo_notices":[],"ticketed":false,"_links":{"self":[{"href":"https:\/\/www.hessen-stottern.de\/index.php?rest_route=\/wp\/v2\/pages\/43068","targetHints":{"allow":["GET"]}}],"collection":[{"href":"https:\/\/www.hessen-stottern.de\/index.php?rest_route=\/wp\/v2\/pages"}],"about":[{"href":"https:\/\/www.hessen-stottern.de\/index.php?rest_route=\/wp\/v2\/types\/page"}],"author":[{"embeddable":true,"href":"https:\/\/www.hessen-stottern.de\/index.php?rest_route=\/wp\/v2\/users\/6"}],"replies":[{"embeddable":true,"href":"https:\/\/www.hessen-stottern.de\/index.php?rest_route=%2Fwp%2Fv2%2Fcomments&post=43068"}],"version-history":[{"count":5,"href":"https:\/\/www.hessen-stottern.de\/index.php?rest_route=\/wp\/v2\/pages\/43068\/revisions"}],"predecessor-version":[{"id":43431,"href":"https:\/\/www.hessen-stottern.de\/index.php?rest_route=\/wp\/v2\/pages\/43068\/revisions\/43431"}],"up":[{"embeddable":true,"href":"https:\/\/www.hessen-stottern.de\/index.php?rest_route=\/wp\/v2\/pages\/41289"}],"wp:attachment":[{"href":"https:\/\/www.hessen-stottern.de\/index.php?rest_route=%2Fwp%2Fv2%2Fmedia&parent=43068"}],"curies":[{"name":"wp","href":"https:\/\/api.w.org\/{rel}","templated":true}]}}