{"id":44111,"date":"2025-08-05T15:30:44","date_gmt":"2025-08-05T13:30:44","guid":{"rendered":"https:\/\/www.hessen-stottern.de\/?page_id=44111"},"modified":"2025-08-05T15:52:50","modified_gmt":"2025-08-05T13:52:50","slug":"stotterstolz-bewegung","status":"publish","type":"page","link":"https:\/\/www.hessen-stottern.de\/?page_id=44111","title":{"rendered":"Stotterstolz-Bewegung"},"content":{"rendered":"<div class=\"twoclick_social_bookmarks_post_44111 social_share_privacy clearfix 1.6.4 locale-de_DE sprite-de_DE\"><\/div><div class=\"twoclick-js\"><script type=\"text\/javascript\">\/* <![CDATA[ *\/\njQuery(document).ready(function($){if($('.twoclick_social_bookmarks_post_44111')){$('.twoclick_social_bookmarks_post_44111').socialSharePrivacy({\"services\":{\"facebook\":{\"status\":\"on\",\"txt_info\":\"2 Klicks f\\u00fcr mehr Datenschutz: Erst wenn Sie hier klicken, wird der Button aktiv und Sie k\\u00f6nnen Ihre Empfehlung an Facebook senden. Schon beim Aktivieren werden Daten an Dritte \\u00fcbertragen - siehe <em>i<\\\/em>.\",\"perma_option\":\"off\",\"action\":\"like\",\"language\":\"de_DE\"},\"twitter\":{\"reply_to\":\"\",\"tweet_text\":\"Stotterstolz-Bewegung%20%C2%BB%20Hessen-Stottern.de\",\"status\":\"on\",\"txt_info\":\"2 Klicks f\\u00fcr mehr Datenschutz: Erst wenn Sie hier klicken, wird der Button aktiv und Sie k\\u00f6nnen Ihre Empfehlung an Twitter senden. Schon beim Aktivieren werden Daten an Dritte \\u00fcbertragen - siehe <em>i<\\\/em>.\",\"perma_option\":\"off\",\"language\":\"de\",\"referrer_track\":\"\"}},\"txt_help\":\"Wenn Sie diese Felder durch einen Klick aktivieren, werden Informationen an Facebook, Twitter, Flattr, Xing, t3n, LinkedIn, Pinterest oder Google eventuell ins Ausland \\u00fcbertragen und unter Umst\\u00e4nden auch dort gespeichert. N\\u00e4heres erfahren Sie durch einen Klick auf das <em>i<\\\/em>.\",\"settings_perma\":\"Dauerhaft aktivieren und Daten\\u00fcber-tragung zustimmen:\",\"info_link\":\"http:\\\/\\\/www.heise.de\\\/ct\\\/artikel\\\/2-Klicks-fuer-mehr-Datenschutz-1333879.html\",\"uri\":\"https:\\\/\\\/www.hessen-stottern.de\\\/?page_id=44111\",\"post_id\":44111,\"post_title_referrer_track\":\"Stotterstolz-Bewegung\",\"display_infobox\":\"on\"});}});\n\/* ]]> *\/<\/script><\/div>\n<p>Die <strong>Stotterstolz-Bewegung<\/strong> (Stutterpride\/Stammerpride) <a href=\"https:\/\/en.m.wikipedia.org\/wiki\/Stuttering_pride\" target=\"_blank\" rel=\"noopener\">&lt;&gt;<\/a>\/<a href=\"https:\/\/en-m-wikipedia-org.translate.goog\/wiki\/Stuttering_pride?_x_tr_sl=auto&amp;_x_tr_tl=de&amp;_x_tr_hl=de&amp;_x_tr_pto=wapp\" target=\"_blank\" rel=\"noopener\">&lt;&gt;<\/a> ist eine soziale weltweite Bewegung die sich f\u00fcr ein neues Selbstverst\u00e4ndnis der Sprechbehinderung Stottern einsetzt und stotternde Menschen dazu ermuntert stolz auf ihre einzigartige Sprechweise zu sein.<\/p>\n<p>Stottern l\u00e4ngst nicht mehr als ein sprachliches oder gesellschaftliches Makel zu betrachten sondern als eine erweiterte sprachliche Vielfalt zuverstehen zwischen allen Landessprachen (z.b. spanisch) und den regionalen gesprochenen Dialekten (wie z.B. &#8222;Hessische Mundart&#8220;) sowie allen anderen kulturellen sprachlichen (Klick-Laut-Sprache, <span class=\"mw-page-title-main\">Khoisansprachen<\/span>), gesundheitlichen (Heiserkeit, weitere Stimm- und Sprecherkrankungen z.B.nach Kehlkopfkrebs ) und spefifischen Besonderheiten (fl\u00fcstern, r\u00e4uspern, betontes\/monotones sprechen, lautere\/leisere Sprechweise)<\/p>\n<p>So gibt es die Kombination aus Stottern + Heiserheit wegen einer momentanen Erk\u00e4ltung + franz\u00f6sisch mit.bayrischem Dialekt. Die Variationen der Sprache sind dabei endlos und macht jeden Menschen auf unserer Erde erst so besonders. &#x2665;DU BIST EINZIGARTIG !!!&#x2665;<\/p>\n<p>Ber\u00fchmte Stotterernde machen es vor was man trotz\/mit Stottern alles gesellschaftlich,kulturell, sozial und wirtschaftlich erreichen kann.<\/p>\n<p><strong>Politiker:<\/strong> Joe Biden, 46.US-Pr\u00e4sident, Malte Spitz und <span class=\"mw-page-title-main\">Theodore Roosevelt <\/span>jr.<br \/><strong>Musiker:<\/strong> John Scatman, Megan Washingston, Elvis Presley und Gareth Gates<br \/><strong>Schrftsteller:<\/strong> Lewis Carroll (Alice im Wunderland), <br \/><strong>Logop\u00e4den:<\/strong> Charles van Riper + Andreas Starke<br \/><strong>Moderatoren:<\/strong> Dieter Thomas Heck, Demosthenes<br \/><strong>Wissenschaftler:<\/strong> Isaac Newton, Charles Darwin, Aristoteles<br \/><strong>Schauspieler:<\/strong> Marilyn Monroe, Samuel L Jackson, Bruce Willis, Rowan Atkinson\/Mr.Bean<br \/><strong>K\u00f6nige:<\/strong> King Georg VI von England + Ludwig XIII, K\u00f6nig von Frankreich<br \/><strong>K\u00fcnstler:<\/strong> <span class=\"mw-page-title-main\">August Haake (Maler)<br \/><strong>Sportler:<\/strong><br \/><strong>Soziales: <\/strong><\/span>Konrad Sch\u00e4fers (Stottern), Rudolf Kraemer (Blinde), Alan Rabinowitz (Tiere)<br \/><strong>Wirtschaft:<\/strong> <span class=\"mw-page-title-main\">Nevil Shute (Ingeneur), <\/span>Robert Boyle (Chemiker), Jack Welch (CEO-Manager)<\/p>\n<p>Weitere Ber\u00fchmte Stotternde <a title=\"Ber\u00fchmte Stotterer\" href=\"https:\/\/www.hessen-stottern.de\/?page_id=18763\">&lt;&gt;<\/a><\/p>\n<p><strong>7 Gr\u00fcnde warum Du stolz auf dein Stottern sein kannst:<\/strong><\/p>\n<p>\u2022 Stotternde sind gute Zuh\u00f6rer und auch Redner wenn man uns vollst\u00e4ndig aussprechen l\u00e4\u00dft<br \/>\u2022 Stotterer zeigen Empathie f\u00fcr Minderheiten &amp; Menschen mit anderen Behinderungen<br \/>\u2022 Stottern bedeutet nicht durchgehend fl\u00fcssig zu sprechen sondern auf die inhaltiche Botschaft zu achten. Siehe Tipps f\u00fcr Nichtstotternde <a title=\"Tipps f\u00fcr Nichtstotternde\" href=\"https:\/\/www.hessen-stottern.de\/?page_id=24281\">&lt;&gt;<\/a><br \/>\u2022 Nur Stotternde k\u00f6nnen \u00bbKaffeetasse\u00ab (11) sogar mit 23 Buchstaben \u00bbKa-ka-Ka-Ka-Ka-Kaffee-tttttasse\u00ab aussprechen. Das ist ein Plus von 109% an Buchstabenvielfalt :-)<br \/>\u2022 Stotterer sind engagiert in Stotterer Selbsthilfegruppen und in Vereinen (Landesverband Hessen der Stotterer Selbsthilfe e.V. <a href=\"http:\/www.stottern-hessen.de\" target=\"_blank\" rel=\"noopener\">&lt;&gt;<\/a>)<br \/>\u2022 Stotternde sind in Unternehmen gute Teamplayer und k\u00f6nnen alle Berufe aus\u00fcben<br \/>\u2022 Stotternde sind wegen der Anzahl etwas ganz besonders (5% Kinder &amp; 1% Erwachsene) <a title=\"Statistik: Stottern\" href=\"https:\/\/www.hessen-stottern.de\/?page_id=34846\">&lt;&gt;<\/a><\/p>\n<p>Bis zu 99 Prozent der Menschen k\u00f6nnen nicht richtig Stottern, die hessischen Stotterer Selbsthilfegruppen <a href=\"https:\/\/www.hessen-stottern.de\/?tag=stotterstadt\">&lt;&gt;<\/a> zeigen Euch wie es richtig geht.<\/p>\n<p>\u00a0\u00a0\u00a0\u00a0 \u2500\u2500&gt; <strong>Gib Dich nicht auf und lerne richtig zu \u00bbSto\u2500sto\u2500sto\u2500sto\u2500Stottern\u00ab<\/strong> &lt;\u2500\u2500<\/p>\n\n\n\n<p>DU BIST AUCH <strong>STOLZ<\/strong> AUF <strong>DEIN STOTTERN<\/strong>? Dann lass dich <strong>kostenlos in die SSTNL eintragen <a href=\"mailto:info@stotterberater.de?subject=Eintragen Stotterstolz-Bewegung&quot;\" target=\"_blank\" rel=\"noopener\">&lt;&gt;<\/a> \/ austragen <a href=\"mailto:info@stotterberater.de?subject=Austragen Stotterstolz-Bewegung&quot;\" target=\"_blank\" rel=\"noopener\">&lt;&gt;<\/a> !<\/strong><\/p>\n<p>Die offizielle <strong>S<\/strong>totter<strong>S<\/strong>tolz<strong>-T<\/strong>eil<strong>n<\/strong>ehmer<strong>l<\/strong>iste:<\/p>\n<p>\u2022 Joachim Haas, 46 Jahre, Stotterer aus 35325 M\u00fccke <em>(seit 27.11.2024)<\/em><\/p>\n","protected":false},"excerpt":{"rendered":"<p>Die Stotterstolz-Bewegung (Stutterpride\/Stammerpride) &lt;&gt;\/&lt;&gt; ist eine soziale weltweite Bewegung die sich f\u00fcr ein neues Selbstverst\u00e4ndnis der Sprechbehinderung Stottern einsetzt und stotternde Menschen dazu ermuntert stolz auf ihre einzigartige Sprechweise zu sein. Stottern l\u00e4ngst nicht mehr als ein sprachliches oder gesellschaftliches &hellip; <a href=\"https:\/\/www.hessen-stottern.de\/?page_id=44111\">Weiterlesen <span class=\"meta-nav\">&rarr;<\/span><\/a><\/p>\n","protected":false},"author":6,"featured_media":0,"parent":40996,"menu_order":0,"comment_status":"closed","ping_status":"closed","template":"","meta":{"_price":"","_stock":"","_tribe_ticket_header":"","_tribe_default_ticket_provider":"","_tribe_ticket_capacity":"0","_ticket_start_date":"","_ticket_end_date":"","_tribe_ticket_show_description":"","_tribe_ticket_show_not_going":false,"_tribe_ticket_use_global_stock":"","_tribe_ticket_global_stock_level":"","_global_stock_mode":"","_global_stock_cap":"","_tribe_rsvp_for_event":"","_tribe_ticket_going_count":"","_tribe_ticket_not_going_count":"","_tribe_tickets_list":"[]","_tribe_ticket_has_attendee_info_fields":false,"footnotes":"","_tec_slr_enabled":"","_tec_slr_layout":"","_links_to":"","_links_to_target":""},"class_list":["post-44111","page","type-page","status-publish","hentry"],"aioseo_notices":[],"ticketed":false,"_links":{"self":[{"href":"https:\/\/www.hessen-stottern.de\/index.php?rest_route=\/wp\/v2\/pages\/44111","targetHints":{"allow":["GET"]}}],"collection":[{"href":"https:\/\/www.hessen-stottern.de\/index.php?rest_route=\/wp\/v2\/pages"}],"about":[{"href":"https:\/\/www.hessen-stottern.de\/index.php?rest_route=\/wp\/v2\/types\/page"}],"author":[{"embeddable":true,"href":"https:\/\/www.hessen-stottern.de\/index.php?rest_route=\/wp\/v2\/users\/6"}],"replies":[{"embeddable":true,"href":"https:\/\/www.hessen-stottern.de\/index.php?rest_route=%2Fwp%2Fv2%2Fcomments&post=44111"}],"version-history":[{"count":65,"href":"https:\/\/www.hessen-stottern.de\/index.php?rest_route=\/wp\/v2\/pages\/44111\/revisions"}],"predecessor-version":[{"id":45256,"href":"https:\/\/www.hessen-stottern.de\/index.php?rest_route=\/wp\/v2\/pages\/44111\/revisions\/45256"}],"up":[{"embeddable":true,"href":"https:\/\/www.hessen-stottern.de\/index.php?rest_route=\/wp\/v2\/pages\/40996"}],"wp:attachment":[{"href":"https:\/\/www.hessen-stottern.de\/index.php?rest_route=%2Fwp%2Fv2%2Fmedia&parent=44111"}],"curies":[{"name":"wp","href":"https:\/\/api.w.org\/{rel}","templated":true}]}}